{"id":72,"date":"2018-11-05T13:04:15","date_gmt":"2018-11-05T13:04:15","guid":{"rendered":"http:\/\/kupferplattl.bayern\/?page_id=72"},"modified":"2024-06-03T20:25:02","modified_gmt":"2024-06-03T20:25:02","slug":"impressum","status":"publish","type":"page","link":"http:\/\/kupferplattl.bayern\/?page_id=72","title":{"rendered":"Impressum"},"content":{"rendered":"<p>Kupferplattl Verien Mittelstetten<br \/>\nEcke Feuerhausstra\u00dfe \/ Angerweg<br \/>\n82293 Mittelstetten<br \/>\nTel.: 015142504114<\/p>\n<p>E-Mail: <u>info@kupferplattl.bayern <\/u><br \/>\nInternet: www.kupferplattl.bayern<\/p>\n<p>Vertretungsberechtigter Vorstand nach \u00a726 BGB:<\/p>\n<p>1. Vorstand: Kink Andreas, Finkenstr.\u00a03a, \u00a082293 Mittelstetten<br \/>\nStellvertreter: Huber Stefanie, Berggasse 2, 82293 Mittelstetten<br \/>\nInhaltlich Verantwortlicher nach \u00a710 Abs. 3 MDStV: Kink Andreas<\/p>\n<p>HAFTUNGSHINWEIS:<br \/>\nTrotz sorgf\u00e4ltiger inhaltlicher Kontrolle \u00fcbernehmen wir keine Haftung f\u00fcr die Inhalte externer Links. F\u00fcr den Inhalt der verlinken Seiten sind ausschlie\u00dflich deren Betreiber verantwortlich.<\/p>\n<p>EXTERNE LINKS AUF DIESE WEBSITE:<br \/>\nDer Anbieter freut sich \u00fcber Link-Verweise auf diese Website und bittet nach dem Setzen eines Links um Benachrichtigung.<br \/>\nAber: Internet-Seiten mit illegalen, anst\u00f6\u00dfigen, irref\u00fchrenden, diffamierenden, politischen oder nicht jugendfreien Inhalten ist eine Verlinkung auf diese Website in keinem Fall erlaubt.<\/p>\n<p>EXTERNE LINKS VON DIESER WEBSITE:<br \/>\nIm Informationsangebot dieser Website befinden sich Querverweise (&#8222;Links&#8220;) zu anderen Internetangeboten. Durch den Querverweis vermittelt die Website den Zugang zur Nutzung dieser Inhalte. F\u00fcr die &#8222;fremden Inhalte&#8220; ist der Anbieter nicht verantwortlich, da sie die \u00dcbermittlung von Information nicht veranlasst, den Adressaten der \u00fcbermittelten Informationen nicht ausw\u00e4hlt und die \u00fcbermittelten Informationen auch nicht ausgew\u00e4hlt oder ver\u00e4ndert hat. Der Anbieter \u00fcbernimmt keine Verantwortung f\u00fcr den Inhalt der verlinkten Seiten. Auch macht sich der Anbieter den Inhalt dieser Seiten nicht zu eigen. Links zu externen Anbietern stellen keine Wertung oder Empfehlung des Anbieters dar. Der Anbieter kann auch nicht garantieren, dass die Links zum Zeitpunkt des Besuchs noch zum Ziel f\u00fchren.<\/p>\n<p>INHALTE:<br \/>\nDie Autoren \u00fcbernehmen keinerlei Gew\u00e4hr f\u00fcr die Aktualit\u00e4t, Korrektheit, Vollst\u00e4ndigkeit oder Qualit\u00e4t der bereitgestellten Informationen. Haftungsanspr\u00fcche gegen die Autoren, welche sich auf Sch\u00e4den materieller oder ideeller Art beziehen, die durch die Nutzung oder Nichtnutzung der dargebotenen Informationen bzw. die Nutzung fehlerhafter und unvollst\u00e4ndiger Information verursacht wurden, sind grunds\u00e4tzlich ausgeschlossen, sofern seitens der Autoren kein nachweislich vors\u00e4tzliches oder grob fahrl\u00e4ssiges Verschulden vorliegt. Alle Angebote sind freibleibend und unverbindlich. Die Autoren beh\u00e4lt es sich ausdr\u00fccklich vor, Teile der Seiten oder das gesamte Angebot ohne gesonderte Ank\u00fcndigung zu ver\u00e4ndern, zu erg\u00e4nzen, zu l\u00f6schen oder die Ver\u00f6ffentlichung zeitweise oder endg\u00fcltig einzustellen.<\/p>\n<p>Die Autoren sind bestrebt, in allen Publikationen die Urheberrechte der verwendeten Bilder, Grafiken, Tondokumente, Videosequenzen und Texte zu beachten, von ihnen selbst erstellte Bilder, Grafiken, Tondokumente, Videosequenzen und Texte zu nutzen oder auf lizenzfreie Bilder, Grafiken, Tondokumente, Videosequenzen und Texte zur\u00fcckzugreifen. Alle innerhalb des Internetangebotes genannten und ggf. durch Dritte gesch\u00fctzten Marken- und Warenzeichen unterliegen uneingeschr\u00e4nkt den Bestimmungen des jeweils g\u00fcltigen Kennzeichenrechts und den Besitzrechten der jeweiligen eingetragenen Eigent\u00fcmer. Allein aufgrund der blo\u00dfen Nennung ist nicht der Schluss zu ziehen, dass Markenzeichen nicht durch Rechte\u00a0 Dritter gesch\u00fctzt sind!<\/p>\n","protected":false},"excerpt":{"rendered":"<p>Kupferplattl Verien Mittelstetten Ecke Feuerhausstra\u00dfe \/ Angerweg 82293 Mittelstetten Tel.: 015142504114 E-Mail: info@kupferplattl.bayern Internet: www.kupferplattl.bayern Vertretungsberechtigter Vorstand nach \u00a726 BGB: 1. Vorstand: Kink Andreas, Finkenstr.\u00a03a, \u00a082293 Mittelstetten Stellvertreter: Huber Stefanie, Berggasse 2, 82293 Mittelstetten Inhaltlich Verantwortlicher nach \u00a710 Abs. 3 MDStV: Kink Andreas HAFTUNGSHINWEIS: Trotz sorgf\u00e4ltiger inhaltlicher Kontrolle \u00fcbernehmen wir keine Haftung f\u00fcr die Inhalte &hellip; <\/p>\n<p class=\"link-more\"><a href=\"http:\/\/kupferplattl.bayern\/?page_id=72\" class=\"more-link\"><span class=\"screen-reader-text\">\u201eImpressum\u201c<\/span> weiterlesen<\/a><\/p>\n","protected":false},"author":1,"featured_media":0,"parent":0,"menu_order":0,"comment_status":"closed","ping_status":"closed","template":"","meta":{"footnotes":""},"_links":{"self":[{"href":"http:\/\/kupferplattl.bayern\/index.php?rest_route=\/wp\/v2\/pages\/72"}],"collection":[{"href":"http:\/\/kupferplattl.bayern\/index.php?rest_route=\/wp\/v2\/pages"}],"about":[{"href":"http:\/\/kupferplattl.bayern\/index.php?rest_route=\/wp\/v2\/types\/page"}],"author":[{"embeddable":true,"href":"http:\/\/kupferplattl.bayern\/index.php?rest_route=\/wp\/v2\/users\/1"}],"replies":[{"embeddable":true,"href":"http:\/\/kupferplattl.bayern\/index.php?rest_route=%2Fwp%2Fv2%2Fcomments&post=72"}],"version-history":[{"count":6,"href":"http:\/\/kupferplattl.bayern\/index.php?rest_route=\/wp\/v2\/pages\/72\/revisions"}],"predecessor-version":[{"id":667,"href":"http:\/\/kupferplattl.bayern\/index.php?rest_route=\/wp\/v2\/pages\/72\/revisions\/667"}],"wp:attachment":[{"href":"http:\/\/kupferplattl.bayern\/index.php?rest_route=%2Fwp%2Fv2%2Fmedia&parent=72"}],"curies":[{"name":"wp","href":"https:\/\/api.w.org\/{rel}","templated":true}]}}